{"version":"1.0","provider_name":"gyerekzsivaj","provider_url":"https:\/\/gyerekzsivaj.cafeblog.hu","author_name":"DKata","author_url":"https:\/\/gyerekzsivaj.cafeblog.hu\/author\/dkata\/","title":"Szemed a labd\u00e1n! :)","html":"<h4><strong>Anyak\u00e9nt sokszor \u0151rl\u0151d\u00fcnk azon, hogy melyik kez\u00fcnket harapjuk meg, hogy mindenre jusson id\u0151nk, ami fontos sz\u00e1munkra! <\/strong>Ma egy kicsit a f\u00f3kusz megtart\u00e1s\u00e1val foglalkozunk!<\/h4>\r\n<p>&nbsp;<\/p>\r\n<p><img class=\"alignnone size-full wp-image-157 aligncenter\" src=\"https:\/\/gyerekzsivaj.cafeblog.hu\/files\/2018\/01\/pexels-photo-209977.jpeg\" alt=\"\" width=\"524\" height=\"350\" \/><\/p>\r\n<p>&nbsp;<\/p>\r\n<p>Tudom, hogy mint minden janu\u00e1rban, val\u00f3sz\u00edn\u0171leg id\u00e9n is j\u00f3 sok tervet, c\u00e9lt eszelt\u00e9l ki az \u00faj \u00e9vre.\u00a0 \u00c1m a c\u00e9lkit\u0171z\u00e9s \u00f6nmag\u00e1ban, val\u00f3j\u00e1ban enn\u00e9l t\u00f6bb kell a sikerhez!<\/p>\r\n<h4><strong>Hogyan is maradj f\u00f3kusz\u00e1lt, hogy ne forg\u00e1csold sz\u00e9t az energi\u00e1idat?<\/strong><\/h4>\r\n<p>Ma erre keress\u00fck a v\u00e1laszt! <!--more--><\/p>\r\n<h2 style=\"text-align: center\">\u00a0<\/h2>\r\n<h2 style=\"text-align: center\">4 tipp, hogyan tartsd a szemed a labd\u00e1n!<\/h2>\r\n<p>&nbsp;<\/p>\r\n<h4><strong>1. Minden egyes nap k\u00e9rdezd meg magadt\u00f3l: mit tehetek az\u00e9rt, hogy egy l\u00e9p\u00e9ssel k\u00f6zelebb ker\u00fcljek a c\u00e9lomhoz?<\/strong><\/h4>\r\n<p>Lesznek napok, amikor ez egy eg\u00e9szen apr\u00f3cska kis l\u00e9p\u00e9s lesz, \u00e9s lesz olyan is, amikor \u00fagy \u00e9rzed, hatalmas el\u0151rel\u00e9p\u00e9st teszel, a l\u00e9nyeg, hogy mindennap tegy\u00e9l meg valamit az\u00e9rt, ami fontos, amit szeretn\u00e9l el\u00e9rni!<\/p>\r\n<p>Ha elindult\u00e1l, visszan\u00e9zni m\u00e1r \u00fagyis k\u00e1r, koncentr\u00e1lj ink\u00e1bb az el\u0151tted \u00e1ll\u00f3 \u00fatra! :-) A m\u00falton m\u00e1r nem tudsz v\u00e1ltoztatni, de az \u00faj nap mindig egy \u00fajabb lehet\u0151s\u00e9get tartogat, hogy haladj a c\u00e9ljaid fel\u00e9!<\/p>\r\n<p>&nbsp;<\/p>\r\n<h4><strong>2. Fontos k\u00e9rd\u00e9s, hogy amit teszel, megfelel-e az alapvet\u0151 \u00e9rt\u00e9keidnek.<\/strong><\/h4>\r\n<p>Ezt minden alkalommal k\u00e9rdezd meg magadt\u00f3l \u00e9s ha a v\u00e1laszod nem, akkor n\u00e9zd meg, hogyan is lehetne \u00fagy cselekedni, hogy hossz\u00fa t\u00e1von is aszerint j\u00e1rj el, amiben val\u00f3ban hiszel, ami fontos! Ne t\u00e9vesszen meg egy-k\u00e9t hirtelen felbukkan\u00f3 lehet\u0151s\u00e9g, cs\u00e1b\u00edt\u00f3 helyzet, lehet egyhamar kider\u00fcl, val\u00f3j\u00e1ban semmi k\u00f6z\u00fck ahhoz, amit igaz\u00e1n szeretn\u00e9l, nem arra visznek, amerre tartasz! Az alapvet\u0151 \u00e9rt\u00e9kekr\u0151l itt \u00edrtam m\u00e1r a <a href=\"http:\/\/gyerekzsivaj.co.hu\/hogyan-dontsd-el-mi-a-fontos\/\" target=\"_blank\" rel=\"noopener\">gyerekzsivaj oldalon.<\/a><\/p>\r\n<p>&nbsp;<\/p>\r\n<h4><strong>3. M\u00e9rd fel, mik az er\u0151ss\u00e9geid, amikre t\u00e1maszkodhatsz!<\/strong><\/h4>\r\n<p>Az \u00f6nismeret itt is alap k\u00f6vetelm\u00e9ny, \u00e9s persze j\u00f3, ha tiszt\u00e1ban vagy persze a gyeng\u00e9iddel is, azzal, amiben kev\u00e9sb\u00e9 vagy er\u0151s. \u00c1m l\u00e9nyeg\u00e9ben az az els\u0151dleges, hogy kihozd magadb\u00f3l a legt\u00f6bbet, sz\u00f3val, jobb, ha ink\u00e1bb kiakn\u00e1zod a benned szunnyad\u00f3 lehet\u0151s\u00e9geket, azt er\u0151s\u00edted, amiben \u00fagyis j\u00f3 vagy. Pl. szorgalom, kitart\u00e1s, humor, rugalmass\u00e1g.. Te miben vagy er\u0151s? Sosem k\u00e9s\u0151 az \u00f6nismereted fejleszteni! <a href=\"http:\/\/gyerekzsivaj.co.hu\/anyacoaching\/\" target=\"_blank\" rel=\"noopener\">Itt megn\u00e9zheted, hogyan lehet dolgozni rajta! <\/a><\/p>\r\n<p>&nbsp;<\/p>\r\n<h4><strong>4. Egyed\u00fcl nem megy... vagy legal\u00e1bbis nehezebb \u00e9s tov\u00e1bb is tart!<\/strong><\/h4>\r\n<p>Ez\u00e9rt j\u00f3, ha t\u00e1mogat\u00f3kat, seg\u00edt\u0151ket gy\u0171jtesz magad k\u00f6r\u00e9, akik nem csup\u00e1n h\u00e1tulr\u00f3l nyomnak, de ak\u00e1r a kezedet fogva egy\u00fctt is mennek veled az \u00faton. Biztathatj\u00e1tok, motiv\u00e1lhatj\u00e1tok egym\u00e1st. Nem csak \u0150k T\u00e9ged, de Te is \u0150ket, ha \u00e9pp arra van sz\u00fcks\u00e9g!\u00a0<\/p>\r\n<p>Keress h\u00e1t t\u00e1rsakat, akik hasonl\u00f3 c\u00e9lok\u00e9rt k\u00fczdenek, akikkel egy cip\u0151ben j\u00e1rtok \u00e9s fogjatok \u00f6ssze, alkossatok v\u00e9d \u00e9s dacsz\u00f6vets\u00e9get! :-) Mindenki elgyeng\u00fcl n\u00e9ha, j\u00f3, ha van mellette olyankor egy t\u00e1rs, aki felkarolja!<\/p>\r\n<p>&nbsp;<\/p>\r\n<p>\u00c9n azt mondom, nincs m\u00e1s h\u00e1tra, mint el\u0151re! :-) B\u00e1rmit is eszelt\u00e9l ki 2018-ra, m\u00e1r nincs mire v\u00e1rni, hogy belekezdj!<\/p>\r\n<p>L\u00e9nyeg, hogy ne vesz\u00edtsd szeme el\u0151l a c\u00e9ljaidat a sz\u00fcrke h\u00e9tk\u00f6znapokon sem!<\/p>\r\n<p>Te hogyan tartod \"szemed a labd\u00e1n\"?<\/p>\r\n<p>Egy tipp: \u00fclj le m\u00e9g ma \u00e9s \u00e9s tervezd meg azt is, hogyan is val\u00f3s\u00edtod meg a kit\u0171z\u00f6tt c\u00e9ljaidat! N\u00e9zd meg milyen l\u00e9p\u00e9sek sz\u00fcks\u00e9gesek a megval\u00f3s\u00edt\u00e1shoz! Bontsd le l\u00e9p\u00e9sekre, tal\u00e1ld meg, mi fog \u00e1tseg\u00edteni a nehezebb id\u0151szakokon!<\/p>\r\n<p>&nbsp;<\/p>\r\n<p>&nbsp;<\/p>","type":"rich","thumbnail_url":"https:\/\/gyerekzsivaj.cafeblog.hu\/files\/2018\/01\/pexels-photo-209977-150x150.jpeg","thumbnail_width":150,"thumbnail_height":150}

Szemed a labdán! :)

<h4><strong>Anyaként sokszor őrlődünk azon, hogy melyik kezünket harapjuk meg, hogy mindenre jusson időnk, ami fontos számunkra! </strong>Ma egy kicsit a fókusz megtartásával foglalkozunk!</h4>
<p>&nbsp;</p>
<p><img class="alignnone size-full wp-image-157 aligncenter" src="https://gyerekzsivaj.cafeblog.hu/files/2018/01/pexels-photo-209977.jpeg" alt="" width="524" height="350" /></p>
<p>&nbsp;</p>
<p>Tudom, hogy mint minden januárban, valószínűleg idén is jó sok tervet, célt eszeltél ki az új évre.  Ám a célkitűzés önmagában, valójában ennél több kell a sikerhez!</p>
<h4><strong>Hogyan is maradj fókuszált, hogy ne forgácsold szét az energiáidat?</strong></h4>
<p>Ma erre keressük a választ! <!--more--></p>
<h2 style="text-align: center"> </h2>
<h2 style="text-align: center">4 tipp, hogyan tartsd a szemed a labdán!</h2>
<p>&nbsp;</p>
<h4><strong>1. Minden egyes nap kérdezd meg magadtól: mit tehetek azért, hogy egy lépéssel közelebb kerüljek a célomhoz?</strong></h4>
<p>Lesznek napok, amikor ez egy egészen aprócska kis lépés lesz, és lesz olyan is, amikor úgy érzed, hatalmas előrelépést teszel, a lényeg, hogy mindennap tegyél meg valamit azért, ami fontos, amit szeretnél elérni!</p>
<p>Ha elindultál, visszanézni már úgyis kár, koncentrálj inkább az előtted álló útra! :-) A múlton már nem tudsz változtatni, de az új nap mindig egy újabb lehetőséget tartogat, hogy haladj a céljaid felé!</p>
<p>&nbsp;</p>
<h4><strong>2. Fontos kérdés, hogy amit teszel, megfelel-e az alapvető értékeidnek.</strong></h4>
<p>Ezt minden alkalommal kérdezd meg magadtól és ha a válaszod nem, akkor nézd meg, hogyan is lehetne úgy cselekedni, hogy hosszú távon is aszerint járj el, amiben valóban hiszel, ami fontos! Ne tévesszen meg egy-két hirtelen felbukkanó lehetőség, csábító helyzet, lehet egyhamar kiderül, valójában semmi közük ahhoz, amit igazán szeretnél, nem arra visznek, amerre tartasz! Az alapvető értékekről itt írtam már a <a href="http://gyerekzsivaj.co.hu/hogyan-dontsd-el-mi-a-fontos/" target="_blank" rel="noopener">gyerekzsivaj oldalon.</a></p>
<p>&nbsp;</p>
<h4><strong>3. Mérd fel, mik az erősségeid, amikre támaszkodhatsz!</strong></h4>
<p>Az önismeret itt is alap követelmény, és persze jó, ha tisztában vagy persze a gyengéiddel is, azzal, amiben kevésbé vagy erős. Ám lényegében az az elsődleges, hogy kihozd magadból a legtöbbet, szóval, jobb, ha inkább kiaknázod a benned szunnyadó lehetőségeket, azt erősíted, amiben úgyis jó vagy. Pl. szorgalom, kitartás, humor, rugalmasság.. Te miben vagy erős? Sosem késő az önismereted fejleszteni! <a href="http://gyerekzsivaj.co.hu/anyacoaching/" target="_blank" rel="noopener">Itt megnézheted, hogyan lehet dolgozni rajta! </a></p>
<p>&nbsp;</p>
<h4><strong>4. Egyedül nem megy... vagy legalábbis nehezebb és tovább is tart!</strong></h4>
<p>Ezért jó, ha támogatókat, segítőket gyűjtesz magad köré, akik nem csupán hátulról nyomnak, de akár a kezedet fogva együtt is mennek veled az úton. Biztathatjátok, motiválhatjátok egymást. Nem csak Ők Téged, de Te is Őket, ha épp arra van szükség! </p>
<p>Keress hát társakat, akik hasonló célokért küzdenek, akikkel egy cipőben jártok és fogjatok össze, alkossatok véd és dacszövetséget! :-) Mindenki elgyengül néha, jó, ha van mellette olyankor egy társ, aki felkarolja!</p>
<p>&nbsp;</p>
<p>Én azt mondom, nincs más hátra, mint előre! :-) Bármit is eszeltél ki 2018-ra, már nincs mire várni, hogy belekezdj!</p>
<p>Lényeg, hogy ne veszítsd szeme elől a céljaidat a szürke hétköznapokon sem!</p>
<p>Te hogyan tartod "szemed a labdán"?</p>
<p>Egy tipp: ülj le még ma és és tervezd meg azt is, hogyan is valósítod meg a kitűzött céljaidat! Nézd meg milyen lépések szükségesek a megvalósításhoz! Bontsd le lépésekre, találd meg, mi fog átsegíteni a nehezebb időszakokon!</p>
<p>&nbsp;</p>
<p>&nbsp;</p>
